the remainder when w(-18) is divided by 8?
2
What is the remainder when -4 + (-27 - -15 - -218) is divided by 62?
16
Suppose -32*l = -30*l - 10. Calculate the remainder when 34 is divided by (-7)/l*(-14 - -9).
6
Suppose -4*o + 1488 = 4*j, -3*o - 1110 = 5*j - 8*j. What is the remainder when j is divided by ((-312)/40 + 9)/(3/85)?
31
Suppose 3*c - 15 = 15. Let d(k) = -k**3 + 10*k**2 + k - 13. Let m be d(c). Calculate the remainder when 157 is divided by (-9)/((-162)/732) + 2/m.
37
Suppose -5*z - l = -24189, -5741 = -z + 2*l - 912. Calculate the remainder when z is divided by 41.
40
Let n(x) = -3*x + 23*x**2 + 4*x + 54 + 12*x + 10*x + x**3. What is the remainder when 51 is divided by n(-22)?
19
Suppose 0 = 4*v - 4*f - 548, 0 = 364*v - 361*v + 2*f - 426. Calculate the remainder when v is divided by 120.
20
Let n = -8 - -11. Let o(h) = -h**3 - 5*h**2 - 6*h - 7. Suppose 17*r + 16 = 13*r. Calculate the remainder when n is divided by o(r).
0
Suppose 2197 = 2*m + 3*w, m = w + 1349 - 243. Suppose 4624 = 7*j + m. What is the remainder when j is divided by 36?
35
Let c = 2057 + -1910. Let b = 0 - -2. Suppose b*p + 15 = -u + 78, 0 = -4*p + 2*u + 114. Calculate the remainder when c is divided by p.
27
Let y be (-6)/(-27) - 48/(-27). Let f(p) = 32*p - 2. Suppose 1762 + 4667 = 762*t - 3477. What is the remainder when f(y) is divided by t?
10
Suppose -133 = -2*a - 3*p - 9, -a + 2*p = -34. What is the remainder when 799 is divided by a?
49
Suppose -3*d = -874 + 241. Let h = 230 - d. What is the remainder when 322 is divided by h?
18
Suppose -2*l - 3*c + 77 = -335, -5*c + 1010 = 5*l. Calculate the remainder when 267 is divided by l.
73
Let w(v) = -461*v**3 + 8*v - 7. Let a be w(1). Let y = 495 + a. Calculate the remainder when y is divided by 9.
8
Suppose 148*c - 141*c = 952. What is the remainder when 671 is divided by c?
127
Suppose 0 = -2*j - 3*y + 66, 0*j + 5*j - 148 = y. Let q be 5/10*-4 + -3 - -87. Suppose 8*c - j = q. Calculate the remainder when c is divided by 8.
6
Let s = 183 + -172. Calculate the remainder when (42/((-35)/(-5)))/((-3)/(-10)) is divided by s.
9
Let q = 482 + -280. Suppose -4*y - c = -790, -17*y - 2*c = -18*y + q. Calculate the remainder when y is divided by 20.
18
Let b = -9340 - -9790. What is the remainder when b is divided by 440?
10
Let w = -20502 + 20583. Calculate the remainder when 803 is divided by w.
74
Suppose -61673*c + 20482 = -61651*c. What is the remainder when 945 is divided by c?
14
Let y = -18364 + 18375. Calculate the remainder when ((-2)/(-4))/(4/400) is divided by y.
6
Let a = -223 + 39. Let t = -145 - a. Let j(r) = -2*r**2 + 15*r + 6. Calculate the remainder when t is divided by j(6).
15
Suppose 362 = 96*n - 375 - 223. Suppose 0 = c - 5*c + 36. Calculate the remainder when n is divided by c.
1
Let v(l) = -l - 1. Let q = -21 - -15. Let y = 5185 + -5179. What is the remainder when y is divided by v(q)?
1
Let z = 1812 + 362. Calculate the remainder when z is divided by 32.
30
Let t(o) = o**3 + 25*o**2 - 22*o + 172. Calculate the remainder when 201 is divided by t(-26).
65
Suppose -a + 4*s = -3, 7*a - 4*a - 9 = -5*s. Calculate the remainder when 1154 is divided by a.
2
Calculate the remainder when 2706 is divided by 156/21 + (2 - 40/28).
2
Suppose -2*d + 0*n = -3*n + 8, -d + 5 = 3*n. Let u be d - -4 - 32/(-1). Let o = u - 29. Calculate the remainder when 27 is divided by o.
3
Let r(f) = 4*f - 31. Let s be r(13). Let k = s + -18. Suppose k*d = -2*j + 186, -3*d - 4*j = d - 244. Calculate the remainder when d is divided by 33.
31
Let w(c) = -c**3 + 32*c**2 - 22*c - 539. What is the remainder when w(24) is divided by 38?
7
Let h = -320 + 317. Suppose -1 = 2*p - 7. Calculate the remainder when (11 + (-595)/68)/(h/(-16)) is divided by p.
0
Suppose 2*t + 4*l = 914, 5*l + 575 = 3*t - 796. What is the remainder when t is divided by 97?
69
Let s be (-228)/(-16) - 3/(-4). Suppose v - b - 21 = -v, -3*v = 4*b - s. Calculate the remainder when 35 is divided by v.
8
Suppose 16*k - 764 - 19044 = 0. What is the remainder when k is divided by 73?
70
Suppose -51*r + 48*r - 3260 = -5*m, 4*m = 5*r + 2621. Let y = m + -578. What is the remainder when 350 is divided by y?
66
Let p(o) = o**3 + 4*o**2 - 2*o - 4. What is the remainder when -1 + -1 + 299/(1426/62) is divided by p(-4)?
3
Suppose 0 = 214*w + 74*w - 4032. Let d(q) = -q + 53. Calculate the remainder when d(0) is divided by w.
11
Suppose -2*p + 5*p + 40 = 5*r, 0 = -5*r + 10. Let j be (-1126)/p + (-10)/(-25). Suppose -v - j = -s + 2*v, 2 = v. What is the remainder when s is divided by 11?
9
Let k = 7952 + -7947. Let x be (1/(-2))/1*0. Suppose 5*u = -x + 140. What is the remainder when u is divided by k?
3
What is the remainder when 226 is divided by ((-15)/12)/(36/(-288))?
6
Let l be -1*(0 - (-2)/2). Let f be (l/(-2))/(8/(-16)). Calculate the remainder when 58 is divided by (-3)/((9/30)/(-3)) - f.
27
Let r = 2 - -16. Suppose t - 14*w - 102 = -r*w, -4*t + 353 = 5*w. Calculate the remainder when 489 is divided by t.
79
Let p(w) = -w**2 - 2*w - 3. Let o be p(-3). Let x = 38680 - 38652. What is the remainder when x is divided by ((-30)/(-9))/((-2)/o)?
8
Let u be (-3 - -6) + 1 + -3 + -1. Suppose -k - q + 7 = -17, u = -3*q. Calculate the remainder when (7/4)/(k/96) is divided by 3.
1
Suppose 36 = 5*a - 2*a. Let u(c) = c**2 - 11*c + 7. Let b be u(a). Let i(k) = k**2 - 18*k + 41. What is the remainder when i(b) is divided by 13?
8
Let l(m) = 2865*m + 149008. Let q = 279 - 179. Calculate the remainder when q is divided by l(-52).
16
Let n = 251 + -249. What is the remainder when -1*8/(-1) - 1 is divided by (-1)/(-4)*((-32)/n + 36)?
2
Suppose 108 = -102*u + 111*u. Calculate the remainder when 68 is divided by u.
8
Suppose -4*s + 28 = -28. Let g(w) = -3*w**2 - 2*w + 41. Let z = -276 - -276. Calculate the remainder when g(z) is divided by s.
13
Calculate the remainder when 249 is divided by 2871/88 + 55/(-88).
25
Suppose 0 = -11095*l + 11104*l - 15957. What is the remainder when l is divided by 20?
13
Suppose -w + 5*i = -738, 5*w - 9*w = 2*i - 3018. What is the remainder when w is divided by 9?
6
Let a = 2021 + -1418. Suppose -3*n - 367 = -2*l, 11*n + l + a = 6*n. Calculate the remainder when (3 - -1)/((-44)/n) is divided by 8.
3
Let y(z) = z**3 + 4*z**2 - 8*z - 28. Let b be y(-3). Suppose 259 = 12*u - b*u. Calculate the remainder when u is divided by 22.
15
Let h be ((-220)/3)/((-6)/36). Let w = h - 230. Calculate the remainder when w is divided by 24.
18
Suppose 0 = 4*o + 6*v - 1342, 0 = -0*o - 3*o - 3*v + 1011. Calculate the remainder when o is divided by 117.
106
Let w = -227 + 318. Let d = w - 65. Suppose 237*o + 1664 = 250*o. What is the remainder when o is divided by d?
24
Suppose 3*r + 19*r - 714 = 8*r. What is the remainder when 146 is divided by r?
44
Let b(i) = i**3 - 2*i**2 - 7*i + 49. Suppose 6*p + 3*s - 3 = 3*p, -4 = p + 2*s. Calculate the remainder when b(p) is divided by 38.
37
Let l(i) = -4*i - 7. Suppose 8*g + 4 + 20 = 0. Let r be l(g). Calculate the remainder when -2 + (r - 3) + 60 is divided by 16.
12
Let j be -5*(-5)/75*(-1 + 7). Suppose -q = 3*q + 8, j*n - 42 = -q. Suppose 3*w + 5*k = -2, 0 = w + 2*w + 4*k - 2. What is the remainder when n is divided by w?
4
Suppose 5*y - 6*x + 5*x + 443 = 0, 2*x - 446 = 5*y. Let s(b) = b + 48. What is the remainder when s(-11) is divided by 1*3*y/(-33)?
5
Let j(t) = 2*t**3 + 26*t**2 - 16*t - 43. Calculate the remainder when j(13) is divided by 122.
119
Suppose 0 = t - 7*t - 30. Let i(n) = 4*n - 3 + 27 + 9*n - 28*n. Calculate the remainder when i(t) is divided by 17.
14
Let v(o) = 90*o**2 - 218*o + 1086. Calculate the remainder when v(5) is divided by 15.
11
Let z = -193 + 234. Suppose 5*c - 80 = 4*c. Calculate the remainder when c is divided by z.
39
Suppose 4 = u - 4*k - 14, 18 = 3*u - 3*k. Suppose j - 19 = u. Let n = j + -4. What is the remainder when 48 is divided by n?
14
Calculate the remainder when 1539 + (-4 - -3) - 6*45/(-30) is divided by 50.
47
Suppose -15 = 3*l - 3*b, 3*l = -2*b - 17 - 3. Let d(h) = -17*h - 90. Calculate the remainder when ((-6)/8)/((-2)/56) is divided by d(l).
9
Let r be ((-64)/40)/(2/(-5)). Calculate the remainder when ((-12)/r*31)/(-7 - -4) is divided by 18.
13
Let h = 548 - 196. What is the remainder whe